{"id":47,"date":"2014-03-06T20:58:43","date_gmt":"2014-03-06T19:58:43","guid":{"rendered":"http:\/\/www.csahr.com\/rueil\/?page_id=47"},"modified":"2014-03-09T17:35:50","modified_gmt":"2014-03-09T16:35:50","slug":"le-mot-du-president","status":"publish","type":"page","link":"https:\/\/www.csahr.com\/rueil\/le-mot-du-president\/","title":{"rendered":"Le mot du pr\u00e9sident"},"content":{"rendered":"<p><a href=\"http:\/\/www.csahr.com\/rueil\/wp-content\/uploads\/2014\/03\/marc-lopes.jpg\"><img loading=\"lazy\" class=\"size-medium wp-image-95 alignleft\" alt=\"marc-lopes\" src=\"http:\/\/www.csahr.com\/rueil\/wp-content\/uploads\/2014\/03\/marc-lopes-202x249.jpg\" width=\"202\" height=\"249\" srcset=\"https:\/\/www.csahr.com\/rueil\/wp-content\/uploads\/2014\/03\/marc-lopes.jpg 202w, https:\/\/www.csahr.com\/rueil\/wp-content\/uploads\/2014\/03\/marc-lopes-125x154.jpg 125w\" sizes=\"(max-width: 202px) 100vw, 202px\" \/><\/a><br \/>\nMadame, Monsieur, chers parents et chers enfants,<\/p>\n<p>Nous esp\u00e9rons que ce site vous s\u00e9duira et vous donnera l&rsquo;envie de venir nous rejoindre.<\/p>\n<p>Vous trouverez dans ce club, un accueil et un enseignement qui, nous l&rsquo;esp\u00e9rons, vous satisferont totalement.<\/p>\n<p>Notre objectif est de vous permettre de pratiquer l&rsquo;art martial que vous avez choisi, dans les meilleures conditions de s\u00e9curit\u00e9 et dans un environnement des plus agr\u00e9able.<\/p>\n<p>Notre \u00e9cole r\u00e9put\u00e9e dans le monde des arts martiaux s&rsquo;efforcera de vous faire progresser sur un rythme personnel, gr\u00e2ce \u00e0 un suivi individualis\u00e9 tr\u00e8s performant.<\/p>\n<p>En vous souhaitant beaucoup de plaisir, venez rejoindre nos 1000 adh\u00e9rents.<\/p>\n<p>Salutations sportives !<\/p>\n<p>&nbsp;<\/p>\n<p>Marc Lopes<br \/>\nPr\u00e9sident<\/p>\n","protected":false},"excerpt":{"rendered":"<p>Madame, Monsieur, chers parents et chers enfants, Nous esp\u00e9rons que ce site vous s\u00e9duira et vous donnera l&rsquo;envie de venir nous rejoindre. Vous trouverez dans ce club, un accueil et un enseignement qui, nous l&rsquo;esp\u00e9rons, vous satisferont totalement. Notre objectif est de vous permettre de pratiquer l&rsquo;art martial que vous avez choisi, dans les meilleures<\/p>\n<p class=\"readmore\"> <a href=\"https:\/\/www.csahr.com\/rueil\/le-mot-du-president\/\" title=\"Read Le mot du pr\u00e9sident\">En savoir plus&#8230;<\/a> <\/p>\n","protected":false},"author":1,"featured_media":0,"parent":0,"menu_order":0,"comment_status":"open","ping_status":"open","template":"","meta":[],"_links":{"self":[{"href":"https:\/\/www.csahr.com\/rueil\/wp-json\/wp\/v2\/pages\/47"}],"collection":[{"href":"https:\/\/www.csahr.com\/rueil\/wp-json\/wp\/v2\/pages"}],"about":[{"href":"https:\/\/www.csahr.com\/rueil\/wp-json\/wp\/v2\/types\/page"}],"author":[{"embeddable":true,"href":"https:\/\/www.csahr.com\/rueil\/wp-json\/wp\/v2\/users\/1"}],"replies":[{"embeddable":true,"href":"https:\/\/www.csahr.com\/rueil\/wp-json\/wp\/v2\/comments?post=47"}],"version-history":[{"count":5,"href":"https:\/\/www.csahr.com\/rueil\/wp-json\/wp\/v2\/pages\/47\/revisions"}],"predecessor-version":[{"id":4667,"href":"https:\/\/www.csahr.com\/rueil\/wp-json\/wp\/v2\/pages\/47\/revisions\/4667"}],"wp:attachment":[{"href":"https:\/\/www.csahr.com\/rueil\/wp-json\/wp\/v2\/media?parent=47"}],"curies":[{"name":"wp","href":"https:\/\/api.w.org\/{rel}","templated":true}]}}